b - 2. What is the remainder when h(r) is divided by s(4)?
5
Suppose 2*c = 5*c - 42. Suppose j + 3*j - 172 = 4*x, 0 = 5*x + 20. Calculate the remainder when j is divided by c.
11
Let z(x) = x**3 - 5*x**2 + x - 8. Suppose 0 = -2*n + 4*n - 16. What is the remainder when z(6) is divided by (-3)/(-4) - (-90)/n?
10
Let a be 10/(-25) - 752/(-5). Suppose 10 = 5*m, -4*t + 0*m - 5*m = -a. Calculate the remainder when t is divided by 18.
17
Suppose -16 = -3*v + 5*j, 0*v - j = -2*v + 6. Suppose -v*z + 0*z = -62. What is the remainder when z is divided by 8?
7
Suppose 3*n - 6 = 6*n, -4*n - 18 = -d. What is the remainder when d is divided by 5?
0
What is the remainder when 191 is divided by 1*31 - (-6)/(4 + 2)?
31
Suppose g + 53 = u, -7*u + 3*u + 232 = g. Calculate the remainder when u is divided by 15.
12
Let a = 3 + 0. Suppose 0 = 4*v - a*v - 18. Calculate the remainder when 33 is divided by v.
15
Suppose 4*a + 16 = 140. Let k be (-176)/10 + (-8)/20. Let i = k + a. Calculate the remainder when 24 is divided by i.
11
Let i(z) = -5*z**2 + 2*z - 2. Let v be i(3). Let p = -29 - v. What is the remainder when 46 is divided by p?
10
What is the remainder when (8/4 - 2) + 82 is divided by 42?
40
What is the remainder when 31 is divided by (-34)/(-2 + -3 + 3)?
14
Let g be (2 + -12 - 2)*-4. Suppose 0 = -2*z - z + g. Let w(r) = -r**2 - 9*r + 9. Calculate the remainder when z is divided by w(-9).
7
Calculate the remainder when 178/8 - (-57)/76 is divided by 13.
10
Suppose 2*a - 3 = 93. Calculate the remainder when 142 is divided by a.
46
Let t = -10 - -10. Suppose t = 5*o - 0*o - 45. What is the remainder when 33 is divided by o?
6
Calculate the remainder when 116 is divided by (-1*(-1 + 0))/(15/135).
8
Let x(w) = w**3 + 4*w**2 + w + 4. Suppose -9 - 7 = 4*i. Let t be x(i). Calculate the remainder when (t - -3) + -1 + 64 is divided by 17.
15
Let i(w) = w**3 + 3*w**2 + 2*w + 2. Let b be i(-3). What is the remainder when 4 is divided by 1*b/(-6)*3?
0
Suppose -5*q + 5*y = 0, -3 - 3 = -2*y. Suppose n + g = 10 - q, 59 = 5*n - g. Calculate the remainder when 20 is divided by n.
9
Suppose 0*u - 3*u - g = -7, 0 = -4*g - 20. Let b be 3/3*(u - -1). What is the remainder when 2/b + (-26)/(-10) is divided by 2?
1
Let d(o) = -o**2 - 8*o - 7. Let i be d(-6). Suppose -i*f + 2 = -v - 25, 5*v = -4*f + 10. Let s = -5 + 7. What is the remainder when f is divided by s?
1
Let d(w) = -w**3 - 7*w**2 - 7*w + 8. Let x(v) = v**3 + 5*v - 3. Let q be x(4). Let k = q - 55. Calculate the remainder when k is divided by d(-6).
12
Suppose -9 = 27*u - 28*u. What is the remainder when 32 is divided by u?
5
Let c = -41 + 47. Calculate the remainder when 15 is divided by c.
3
Suppose 3*h - 3*m + 154 = 8*h, -4*m + 157 = 5*h. What is the remainder when 57 is divided by h?
28
Suppose 0 = -7*q + 2*q + 245. Let n(z) = -z**2 + 8*z + 2. Calculate the remainder when q is divided by n(5).
15
Let f(m) = -m**2 - 4. Let n be f(0). Suppose 0 = -4*d + d + 255. What is the remainder when 6 is divided by d/25 - n/(-10)?
0
Let r(k) = k**3 + 7*k**2 + 5*k - 6. What is the remainder when 149 is divided by r(-5)?
16
Let s(m) = 2*m**2 - 4*m + 5. Calculate the remainder when 104 is divided by s(5).
34
What is the remainder when 10 is divided by ((-10)/15)/((-6)/27)?
1
Let x(n) = -n**2 + 9*n - 11. What is the remainder when 13 is divided by x(6)?
6
Suppose p + 21 = 5*d - 2*p, 4*p + 5 = -d. Calculate the remainder when 44 is divided by (d - 42/4)*-2.
14
Let f = -5 - 1. Let i(b) = b**3 + 7*b**2 + 6*b + 5. What is the remainder when 9 is divided by i(f)?
4
Suppose -4*w - 52 = 2*h, 5*h - w - 52 + 171 = 0. Let u = h - -43. Calculate the remainder when 36 is divided by u.
17
Suppose 4*m - 282 = -3*q - 0*m, 3*m = -9. Suppose -2*v + q = -0*v. What is the remainder when v is divided by 17?
15
Suppose -h = 4*h + 10. Calculate the remainder when 3/(-3) - (-35 + h) is divided by (-1)/((-1)/21) - 2.
17
Let u(q) = 2 + 24*q**2 - 3 + 3*q - 21*q**2. Let s = 90 - 58. Calculate the remainder when s is divided by u(-3).
15
Let z = 41 + -63. Let d(i) = 39*i**2. Let n be d(1). Let x = z + n. What is the remainder when x is divided by 9?
8
Let i = 1 + 3. Suppose 2*n - j = 32, -n + i*j + 14 = -16. Calculate the remainder when n is divided by 0/(-2 - -4) - -4.
2
Let c = 34 - 17. Suppose 0 = -5*x + 5*f + 50, -3*x = -0*x - 4*f - 31. What is the remainder when c is divided by x?
8
Suppose 33 = 3*t - 2*b - 3*b, b + 33 = 3*t. Let w(s) = s**2 - 3*s + 3. Calculate the remainder when w(6) is divided by t.
10
Calculate the remainder when 40 is divided by (-178)/(-8) - 8/32.
18
Let s(p) be the first derivative of p**3/3 - 3*p**2/2 + 5*p + 4. What is the remainder when s(-5) is divided by 12?
9
Let j = -141 - -9. Calculate the remainder when 21 is divided by (2/(-6))/(4/j).
10
Let x(f) = -24*f**3 - 2*f - 1. Let r be x(-1). Let o = r + -10. Calculate the remainder when 29 is divided by o.
14
Let t be (-15)/2 - 3/(-2). What is the remainder when (t/(-18))/((-2)/(-234)) is divided by 21?
18
Suppose 3*d - 24 = -8*u + 3*u, 4*d - 2*u = 58. Calculate the remainder when 33 is divided by d.
7
Suppose 0 = -2*y - 4*c + 8, -y - 28 = -5*y - 5*c. Suppose 4*l - 4*m = -y, -5*l - 3*m = -m + 1. What is the remainder when 1/1*(56 + l) is divided by 19?
17
Let p = 4 + -3. Suppose -r = -p - 2. Calculate the remainder when 5 is divided by r.
2
Let a(q) = -q**3 - 4*q**2 - 2*q - 2. Let h be a(-3). Let x = 12 + h. Let l = 66 - 41. Calculate the remainder when l is divided by x.
4
Suppose 0 = h - 15 - 9. Let x(y) = 7*y - 4. Calculate the remainder when x(7) is divided by h.
21
Suppose 27 = -2*c + 5*i + 99, -3*c - 2*i + 146 = 0. Calculate the remainder when c is divided by 12.
10
Suppose z - 2*m = -6, -5*m + 0 = -20. What is the remainder when 11 is divided by z?
1
Suppose 0 = -h + 4*h - 57. What is the remainder when (148/9)/((-10)/(-45)) is divided by h?
17
Suppose 0 = -3*u - 3*u + 30. What is the remainder when 14 is divided by u?
4
Suppose -5*c = 20 - 60. Suppose -f + 117 = 2*f. Calculate the remainder when f is divided by c.
7
Let b = -6 + 16. What is the remainder when 19 is divided by b?
9
Let t(g) = 3*g**3 - g + 1. Let r be t(2). Let q = r + -12. Calculate the remainder when q is divided by 3.
2
Suppose 2*x + 27 = 5*p - 24, -2*p = 2*x - 26. What is the remainder when ((-2)/4)/((-4)/240) is divided by p?
8
Let i = -90 - -113. Calculate the remainder when i is divided by 10.
3
Let h = -155 + 320. Calculate the remainder when h is divided by 28.
25
Let f = 80 - 25. Calculate the remainder when f is divided by 19.
17
Let g(t) be the second derivative of t**4/12 - 5*t**3/6 - 2*t**2 + 2*t. Let b = 10 + 2. Calculate the remainder when g(-5) is divided by b.
10
Let b(h) = h**3 - 4*h**2 + 4*h - 1. Let r be b(3). Suppose 0 = g - 4 + r. Let i = -5 - -10. Calculate the remainder when i is divided by g.
1
Suppose 5*d + 3 - 37 = i, 4*d = 2*i + 32. Suppose 0 = 2*n - 0*n - 4*v + d, 2*v = -3*n + 31. What is the remainder when n is divided by 4 - (-3)/(-6)*-2?
2
What is the remainder when 15 is divided by (1/(-2))/(1/(-12))?
3
Let d(j) = -15*j - 4. Let c be d(-2). Let z be (-2)/(-6)*-2*-3. Suppose 2*q + 5*x = 26, -z*q = -4*x - 0*x - c. What is the remainder when 38 is divided by q?
12
Let k(o) = -2*o - 4. Let x be k(-10). Suppose 0 = 4*b - 2*b + x. Let d = 14 + b. What is the remainder when 16 is divided by d?
4
Let j = 164 - 108. Suppose 14 = -3*c + j. Calculate the remainder when 68 is divided by c.
12
Suppose -m - 1 = -8. What is the remainder when 20 is divided by m?
6
Let i = -79 - -49. What is the remainder when (10/i)/((-1)/201) is divided by 17?
16
Suppose 5*w = 72 - 12. Calculate the remainder when 31 is divided by w.
7
Let o = 12 - 3. Calculate the remainder when 33 is divided by o.
6
Let y = -145 + 6. Let c = y - -199. Suppose 5*b - c = -0*b. What is the remainder when 35 is divided by b?
11
Suppose -a + 4*a - 143 = -5*l, -3*l + 4*a + 109 = 0. Suppose -l = -3*v + 5. Let q = -28 - -50. What is the remainder when q is divided by v?
10
Let s(o) = o**2 + 1. Let l be s(0). Let f = 4 - l. What is the remainder when 5 is divided by f?
2
Let s(u) = -52*u**3 + 3*u**2 + 2*u. What is the remainder when 105 is divided by s(-1)?
52
Suppose -24*f + 16 = -22*f. Let r = -31 + 54. What is the remain